2)/(-7). Let k = o - g. What is the remainder when 7 is divided by k?
1
Suppose z = o + 406, -z = -52*o + 47*o - 374. Calculate the remainder when 2083 is divided by z.
13
Let o be ((-20)/(-20))/(-1 - 0)*-2. Calculate the remainder when -27*(7/(-2) + o/4) is divided by 21.
18
Suppose -3*k + 5322 = 5115. What is the remainder when 15592 is divided by k?
67
Suppose 0 = 5*y - 3 - 52. Let j = -12498 - -12503. Calculate the remainder when y is divided by j.
1
Suppose 4*r + r - 465 = 0. Suppose 7*h = 2*k + 19 + 2, 13 = 4*k - 3*h. What is the remainder when r is divided by k?
2
Let v = -5295 - 3413. What is the remainder when v/(-126) - (-2)/(-18) is divided by 20?
9
Let h = -5296 - -5615. What is the remainder when h is divided by 14?
11
Suppose 26*v - 29*v - 144 = 0. Let a be 20/14 + v/(-84). Suppose 6*m = 2*m + 12, 273 = 3*r + a*m. Calculate the remainder when r is divided by 24.
17
Suppose 2818 + 1454 = 16*n. Calculate the remainder when n is divided by 233.
34
Suppose 255*b - 192 = 243*b. What is the remainder when 300 is divided by b?
12
Let c = 75 - 68. Suppose c*a - 761 = -292. Calculate the remainder when 1070 is divided by a.
65
What is the remainder when (-14)/4 + -1 + ((-2653)/(-14) - 7) is divided by 64?
50
Let o = 4444 + -3992. Calculate the remainder when o is divided by 19.
15
Suppose 0 = -3*l + 5*n + 282 + 470, -4*l + 1000 = -4*n. Suppose -3*o = -4*r + 177, -13*r + 5*o = -15*r + 69. What is the remainder when l is divided by r?
39
What is the remainder when 15/(((-75)/(-8905))/5) is divided by 34?
31
Let h(u) = 29*u - 89. Let f be h(-8). Let d = f + 544. Calculate the remainder when d is divided by 56.
55
Suppose 0 = -14*o - 20735 + 7995. Let v = o - -922. Calculate the remainder when 574 is divided by v.
10
Suppose -40*r + 45*r + 5 = -5*h, 2*r = -4*h - 14. What is the remainder when 1183 is divided by r?
3
Let b = 34438 - 33250. What is the remainder when b is divided by 110?
88
Let h(f) = 4*f**2 - 54*f - 308. What is the remainder when h(-15) is divided by 5?
2
Let i = 4081 + -4055. Suppose -8 = -2*p, 72 = 7*w - 3*w + 4*p. What is the remainder when i is divided by w?
12
Let i = 8116 + -3829. What is the remainder when i is divided by 64?
63
Suppose 12*i = 320 - 200. Calculate the remainder when 7829 is divided by i.
9
Let k(u) = 10*u**2 + u - 1. Let h be k(4). Let q = 3072 + -3166. Let j = h + q. What is the remainder when j is divided by 12?
9
Let n be -8 + (-3 - -8) - 66 - 6. Calculate the remainder when 62 is divided by 0 + 438/10 + (-15)/n.
18
Let q = 5976 + -5909. Suppose -3 = -2*l + 4*k + 53, 21 = 2*l + 3*k. Calculate the remainder when q is divided by l.
13
Let a(h) = h**2 - 17*h - 117. Let b be a(-7). Suppose -b*z = 12*z - 2457. Calculate the remainder when 92 is divided by z.
14
Let w(t) = 64*t**3 - t**2 + 1. What is the remainder when w(1) is divided by ((-12)/(-10))/((-312)/1300*(-1)/3)?
4
Let z be (-12)/28 - (-2078)/14. Suppose h - 190 = -z. Calculate the remainder when h is divided by 8.
2
Suppose -2*r + 3*r + 90 = 10*r. Calculate the remainder when 138 is divided by r.
8
Let p(w) = -4*w**3 + w**2 + 2*w + 11. Let v = 24 + -14. What is the remainder when p(-2) is divided by (-410)/(-18) - v/(-45)?
20
Suppose -2*l = -2*m + 4*m + 10, -3*m - 5*l = 19. Let r = 854 + -781. Calculate the remainder when r is divided by 5*(-4 - m)*-5.
23
Calculate the remainder when (1145/15)/(34/918) is divided by 36.
9
Let a(m) = -7*m - 25. Let l be a(-5). Suppose l + 10 = 4*b. Calculate the remainder when 14 is divided by ((-1)/2*b)/((-2)/4).
4
Let r = 10550 + -7322. What is the remainder when r is divided by 85?
83
Suppose 0 = 3*q + 21, 3*l = 39*q - 41*q + 214. What is the remainder when 6763 is divided by l?
75
Let h(i) = -i - 1. Let o be -1*(-5)/(-1) + 1. Let k be h(o). What is the remainder when 95 is divided by 80/6 - (-2)/k?
11
Suppose -9*l = -3*l - 678. Let w = 102 - l. Let b(i) = 2*i + 36. What is the remainder when 39 is divided by b(w)?
11
Let j be 322/6 + 8 + (-20)/3. Suppose -j*l - 35 = -60*l. What is the remainder when 43 is divided by l?
1
Let m = -89 + 70. Let y = m - -79. Let n = y + -37. Calculate the remainder when n is divided by 6.
5
Suppose -12 = 4*b - 5*b - s, -s = -2*b + 39. What is the remainder when 8/28 - 36/(-14)*b is divided by 22?
0
Suppose -138 = 19*q + 71. Let t(l) = l**2 - 8*l + 11. What is the remainder when t(q) is divided by 15?
10
Suppose -70*u - 417 = -1222 - 805. Calculate the remainder when 135 is divided by u.
20
Let v = 158 + -161. Calculate the remainder when 193 is divided by (-3)/(v/3) - -26.
19
Let u(d) = -50*d - 87. What is the remainder when u(-6) is divided by 41?
8
Let o(j) = -2*j + 11. Suppose -8 = -3*p - z, -7*p + 6*p - z = 0. What is the remainder when o(0) is divided by p?
3
Suppose -12 + 4 = -3*j - m, j - 3*m = 16. Suppose y = -n + 13, n + 9 - 34 = -j*y. Calculate the remainder when 233 is divided by n.
8
Let r = 87 - 35. Calculate the remainder when r/2 + 2 + 4 is divided by (4*1)/(4 - 2) - -5.
4
What is the remainder when (-20)/(-60)*(-15 + 5)*-2073 is divided by 266?
260
Let w(m) = -m**2 - 15*m - 4. Let g(x) = -x + 1. Let z(v) = 6*g(v) - w(v). Let o(c) = -c**2 + 19*c - 6. What is the remainder when z(-11) is divided by o(18)?
8
Calculate the remainder when 13 is divided by (1752/(-730))/(3/(-10)).
5
Let o(l) = 14*l**2 + 4*l - 1. Let z(v) = 27*v**2 + 7*v - 2. Let h(k) = -5*o(k) + 3*z(k). Let a = 1683 - 1672. What is the remainder when h(-2) is divided by a?
8
Let w = -1378 - -2561. Calculate the remainder when w is divided by 392.
7
Let x = 2952 + -2832. Calculate the remainder when x is divided by 22.
10
Let h(t) = 370*t**3 + 28*t**2 - 60*t + 4. Calculate the remainder when h(2) is divided by 10.
6
Calculate the remainder when 737 is divided by (75/(-11) - (-7 + 1027/143)) + 90.
73
Let v(g) = 64*g**2 - 93*g - 364. What is the remainder when v(-4) is divided by 45?
42
Let c(a) = -2*a**2 + 31*a + 89. Let j be c(-14). Let p = j - -762. Calculate the remainder when 444 is divided by p.
19
Suppose 3*q + 714 = -2*d, -3*q + 0*q - 1416 = 4*d. Let a = d + 747. What is the remainder when a is divided by 19?
16
Let z = -1129 + 1157. Calculate the remainder when 95 is divided by z.
11
Let m(j) = 8*j - 50. Let v be m(8). What is the remainder when 66 is divided by -1*(0/(10/5) - v)?
10
Let s(b) = 105*b - 153. What is the remainder when s(18) is divided by 58?
55
Let o = -16 - 31. Suppose 253*s - 245 = 248*s. Let r = s + o. What is the remainder when 3 is divided by r?
1
Let l(j) = 100*j - 177. Let p(z) = z**2 - 5*z - 12. Let f be p(-2). What is the remainder when 182 is divided by l(f)?
21
Suppose -1512*j - 163 = -1516*j - o, 4*j - 5*o = 169. Suppose -5*x + 3*x + 224 = 0. What is the remainder when x is divided by j?
30
Let y be ((60/9)/(-2))/(2/(-12)). Suppose -4*f + 30 = 2*s, -21*s + 3*f = -y*s + 5. Calculate the remainder when 127 is divided by s.
1
Let l be (-6)/9*((-4)/(-2) - 5). Let y(c) = 8 + 4*c**2 - 3*c**l - 18*c - 19*c + 24*c. What is the remainder when y(15) is divided by 25?
13
Suppose j + 120 = 2*m + 43, -160 = -4*m - 4*j. What is the remainder when 152 is divided by m?
35
Let i(y) = y**3 + y**2 + 3*y - 4. Let k be i(-3). Let s = k - -26. Calculate the remainder when 80/12*s/((-15)/18) is divided by 11.
7
Let s be (-6)/(-8)*1*8. Calculate the remainder when ((-4)/(-6))/(s/441) is divided by 10 + 3/8*8.
10
Let h = 452 + -329. Suppose -205 - h = -8*j. What is the remainder when j is divided by 6?
5
Let v = -14 + 32. Let p = -10687 + 10739. Calculate the remainder when p is divided by v.
16
Suppose -213*u + 3325 = 241*u - 419*u. Suppose -6 = -4*n + 74. What is the remainder when u is divided by n?
15
Let l(f) = 2*f**3 + 21*f**2 + 3*f + 21. Let j be l(-10). Suppose 4*a - j = 3*c + 62, c = 1. What is the remainder when 106 is divided by a?
28
Suppose 934 - 3649 = -15*j. Suppose j = 4*h + q, 0*q + 178 = 4*h - 2*q. What is the remainder when h is divided by 24?
21
Let p = -4041 - -4254. Calculate the remainder when p is divided by 54.
51
Let t = -2909 - -3050. What is the remainder when t is divided by 19?
8
Let k(n) = 129*n + 325. Calculate the remainder when 936 is divided by k(-2).
65
Let n = 14479 - 14313. Calculate the remainder when 1360 is divided by n.
32
Let m = 209 + -202. Let